).
5
Let v(b) = b - 2. Let w(n) = 3*n**2 + 27*n + 2. Let k be w(-9). Suppose s = k*f, 4*f - 3*f + 2 = s. Calculate v(s).
2
Let q = -393 + 404. Let m(z) = 2*z**2 - 22*z + 4. Determine m(q).
4
Let i(l) = l - 8. Let a(j) be the second derivative of j**5/20 - j**4/3 + j**3/2 + 3*j**2/2 + 2*j. Let x be a(3). Suppose 0 = -n + x*n. Determine i(n).
-8
Let r(m) = m**2 - 7. Let h = -34 - -18. Let p = h + 16. Determine r(p).
-7
Let h(x) be the first derivative of 0*x**2 - x + 1/4*x**4 + 4/3*x**3 - 12. Give h(-3).
8
Let o(x) = -x**3 - 2*x**2 + 4*x + 4. Suppose -2*b - 4 = 5*h + 7, 4*b - h = -11. Give o(b).
1
Suppose -t = 22 + 10. Let o = 60 + t. Suppose -6*u = -4*u - k + 14, 5*u + k + o = 0. Let n(z) = z**3 + 5*z**2 - 7*z - 5. Calculate n(u).
1
Let v(f) = -3*f**3 - 2*f**2. Let x be v(-2). Let z = x + -4. Let i = z - 6. Let g(a) = a + 2. Determine g(i).
8
Let j(s) = 32*s**2 - 2*s + 4 - 30*s**2 - 2 + 0*s**3 + s**3. Suppose 6*g = 3*g - 12, 0 = -3*b - 5*g - 5. Let q be (-2)/b - (-26)/(-10). Calculate j(q).
-1
Let m = 666 - 663. Let c(r) = r**2 - 5*r + 4. Determine c(m).
-2
Let x(i) = -i**3 - 4*i**2 - i + 1. Let t be 18/3*(-2 + (-20)/(-15)). What is x(t)?
5
Let l(f) = 4*f + 2 - f + 6*f. Let q be 1 - 7/(7/3). Calculate l(q).
-16
Let l = 466/351 + 2/351. Let j(b) be the first derivative of -l*b**3 - 2 - 2*b**2 - 4*b + 1/4*b**4. Calculate j(5).
1
Let i(w) = w**3 - w + 3. Let t(j) be the third derivative of -j**5/60 + j**4/6 + 5*j**3/6 + 11*j**2. Let g be t(5). Suppose g*z = z. What is i(z)?
3
Let t be (-1)/(3 + 51/(-21))*-4. Let q(m) = t*m + 3*m + 3 - 4*m. What is q(-2)?
-9
Let x(i) = 2*i - 22. Let v = 1106 - 1093. Give x(v).
4
Let k = 2 - 3. Let g be 0/(k*(-1)/(-1)). Let x(y) be the third derivative of -y**5/60 - y**3/6 - 2*y**2. Determine x(g).
-1
Let j(v) = -v**2 + 47*v - 85. Let m be j(45). Let h(s) = 2*s + 6. Give h(m).
16
Let p(v) = -v**2 + 7*v - 5. Suppose 0*s + 3*s = -6, -5*c + 134 = 3*s. Suppose c = 3*a + 7. Determine p(a).
-5
Let f(w) = 357*w**2 - 360*w**2 - 10 - w**3 + w + 2*w**3 + 0*w**3 - 2. Calculate f(4).
8
Let q(g) = g**3 + 4*g**2 - g - 1. Let r(o) = o**2 - 10*o + 12. Let j be r(8). Let t be q(j). Let a(d) = 2*d**2 - 4*d. What is a(t)?
6
Let h(g) = -5*g + 43*g**3 - 3*g**2 + 46*g**3 - 90*g**3 - 4 + 2*g. Determine h(-2).
-2
Let z(b) = b**2 + 3*b - 4. Suppose 2*q - 3 = 1. Suppose 6 = q*o, -o = -v - 0*o - 7. Calculate z(v).
0
Let z(t) be the first derivative of -3*t**2/2 + 2*t - 77. Determine z(4).
-10
Let v(w) = -w**2 - 4*w + 5. Let o be 8/2 + -1 + -16. Let s = 2 - o. Let x = 11 - s. What is v(x)?
5
Let v(w) = w**2 + 3*w - 2. Suppose 0*x = -x - 4*u - 9, -18 = -x + 5*u. Suppose 3 = 3*t - x. Determine v(t).
8
Suppose n + 3 = 5. Suppose -n*b = 3*s + 3*b - 24, -3*s - 3*b + 18 = 0. Let l(w) = -w - 2*w - 3*w**2 + 2*w + 3 + 4*w. Calculate l(s).
-15
Let d(q) = 4*q**2 + 2*q + 4. Let w(m) = -12*m**2 - 6*m - 11. Let u(b) = -11*d(b) - 4*w(b). Let g = -4459 - -4461. Calculate u(g).
20
Suppose 58 + 12 = 5*f. Suppose 9*a = 2*s + 4*a - 2, -a = -4*s - f. Let g(j) = j. Let z(v) = -3*v + 1. Let x(l) = 5*g(l) + z(l). Give x(s).
-7
Let m = 5 - 9. Let d(l) be the first derivative of -5*l**2/2 - 6*l - 1315. Determine d(m).
14
Let c(m) be the third derivative of m**6/120 - m**5/10 - m**4/8 - 2*m**3/3 - 5*m**2 - 1. Determine c(5).
-44
Let u(n) = -26*n - n**2 - 2 - 2 + 6*n + 7*n + 2*n. What is u(-8)?
20
Suppose -3*n = -7*n. Let d be 3 - (-1 - n)*2. Let c(w) = -3 + 2*w - 3*w + d*w. Determine c(2).
5
Suppose 55 = -2*b + 7*b - 5*s, 0 = -3*b + s + 29. Let p(q) = -q**3 + 2*q**3 - b*q - 3 + 5*q + 4*q**2. Determine p(-4).
13
Let h(j) = 27*j - 2. Let g be h(1). Suppose -5*i + g = 45. Let y(p) = p**2 + 4*p + 3. Calculate y(i).
3
Let i(d) = 3*d + 11. Let r be ((-1)/((-55)/(-66)))/((-6)/(-20)). Determine i(r).
-1
Let f(k) = -k - 2*k + k + k - 6. Suppose -5*r = -9 - 1. Suppose 0 = -2*l - r*l - 24. Determine f(l).
0
Let i(r) = -r**3 - r**2 + 4*r + 2. Suppose z + 4*k = 5*k + 3, 2*k = -z + 12. Suppose 3*g = 4*m - 13, -2*m - 7 = 5*g + z. Calculate i(g).
8
Let f(y) = y**3 + 3*y**2 + 3*y - 16. Let o(a) = a**3 + 4*a**2 + 4*a - 15. Let m(l) = -3*f(l) + 2*o(l). Let c = 11007 - 11007. Determine m(c).
18
Let k(p) = -p - 8. Suppose 4*v - 7*v + 6 = 0. Suppose -2*q + 0 - v = 0. Let t = q + -3. What is k(t)?
-4
Let f(r) be the second derivative of -2*r**5/5 - r**4/12 - r**3/6 - 20*r. Let z(q) = -2*q - 1. Let m be z(0). What is f(m)?
8
Let b(g) = 3*g + 22. Let l be b(-9). Let z(s) = -2 - 5*s**2 + 4*s**2 + 5*s + 2*s**2. What is z(l)?
-2
Let k(w) = 0*w + 0*w - 6*w + 1. Let p be ((-6)/4)/((-6)/8). Suppose 4*s = -p*z - 18, 2 = -z + 3*z - s. What is k(z)?
7
Let n(f) = 8 - 17*f - 9*f - 2*f**2 + 30*f. Calculate n(4).
-8
Let l(d) = 7*d**2 + 13*d + 21. Let o(p) = 3*p**2 + 6*p + 11. Let i(n) = -2*l(n) + 5*o(n). Let r(b) be the first derivative of i(b). Give r(4).
12
Let f(q) = 5*q**2 - 2*q + 2. Let k(x) = x**2 + x. Let i(j) = -j. Let s be i(4). Let u(y) = s*k(y) + f(y). Give u(7).
9
Let o be (2 - (-70)/(-25))*15. Let d(v) = 4*v + 52. Calculate d(o).
4
Suppose 3*f + 0*v + v = 4, -4*f = v - 4. Let q(u) = u**3 - u**2 - u. Let n be q(f). Let z(h) = 0*h + 2*h + h - 3*h + h. Give z(n).
0
Suppose -2*u + 3*u + 1 = 0. Suppose 9561 - 1281 = 10*z. Let c(b) = -z*b + 0 + 0 + 823*b. Determine c(u).
5
Let f = -46 - -49. Suppose 0 = -f*r + 25 - 7. Let z(v) = -v**2 + 9*v - 4. Determine z(r).
14
Suppose 5*f = -5*j + 5, 0 = f + 1. Let c(g) = g**3 + 5*g**2 - 3 + g**j + 16*g - 15*g. What is c(-3)?
21
Let s be 76/18 - (-10)/(-45). Suppose s*t + 24 = 4. Let p(c) be the first derivative of -c**3/3 - c**2 + 5*c + 4. Calculate p(t).
-10
Suppose 0 = -3*x + 37 + 50. Let p(m) = m - 15 + x - 18. Determine p(-6).
-10
Let i(o) be the first derivative of -o**2/2 + o + 2. Suppose 5*v - 4 = -3*d - 1, 5*d + v = -17. What is i(d)?
5
Let s(m) = -3*m - 2. Let c = -86 + 86. Give s(c).
-2
Let w(u) = -u**2 + 4*u + 4. Suppose -5*n - 77 - 58 = 0. Let j be (-183)/n + (-6)/(-27). Let g = j - 3. What is w(g)?
4
Suppose 0 = -k + 2*x - 4*x + 11, 12 = 3*x. Let c(z) = z - 7. Let l be c(k). Let w(h) = -h**2 - 5*h - 1. What is w(l)?
3
Let b be ((-34)/153)/(2/(-18)). Let m(a) = b*a + a**2 - 141 + 66 + 71. Let u be 6/4*2*-1. Determine m(u).
-1
Let x(g) = 12*g + 13*g**2 - 5*g**2 - 221 + 4*g**2 + g**3 + 228. Calculate x(-11).
-4
Let r(w) be the third derivative of -w**4/6 + 5*w**3/6 - 90*w**2. What is r(-6)?
29
Let y be (5/(-2))/(-1) - 1/2. Suppose -z = -y*g - 0*g + 8, 0 = 4*g. Let s(k) = -k**2 - 7*k + 5. What is s(z)?
-3
Let d(r) = 2*r + 8. Let g be d(-8). Let t(i) = i**2 + 3*i + 2. Let x(n) = n**2 + 4*n. Let v(s) = -5*t(s) + 6*x(s). What is v(g)?
-18
Let k = 12 + -10. Let h(p) = -5*p**k + 7*p - 3*p - 5*p + 2*p**2. Let x be 36/(-21) + (-4)/14. What is h(x)?
-10
Suppose 4*z + 57 = -3*y - 6, 0 = -5*z + 2*y - 73. Let t = -21 - z. Let g(w) = 9 + 0*w + 2*w - w. What is g(t)?
3
Let d = -12 - -16. Let q(t) = 3 - d*t - 1 + t**2 - 2*t. Suppose -26 = -4*p - 5*v, 0 = -2*v + 5 - 1. Calculate q(p).
-6
Let y(h) = -h**2 + 4*h + 5. Let x be y(5). Suppose -3*l - 4*r - 5 = x, 4*l - r = 4*r + 45. Let i(q) = q - 8. What is i(l)?
-3
Let a(i) be the first derivative of -i**2 + 2*i - 93. What is a(3)?
-4
Let u be 4*-2*(-1)/(-8). Let y be (3 - (4 + 0))/u. Let c(s) = -s**3 + 2*s**2 - 1. Calculate c(y).
0
Suppose 0 = -5*i + 10, 0*i = -3*j - i + 50. Let o(d) = -4*d**2 + 39*d**3 + 3 - j*d**3 - 22*d**3 - 2*d. Determine o(3).
-12
Let j be (-8)/(-2) + 2 + (-1 - 3). Let z(o) = 5*o - 9*o - 3*o + o - o**j - 7. Determine z(-5).
-2
Let i(x) = x - 6. Let m(p) = 1. Let b(n) = i(n) + 4*m(n). What is b(1)?
-1
Suppose 2*s + 235 = 7*s. Let u = 53 - s. Let j(o) be the first derivative of -o**3/3 + 7*o**2/2 - 1. What is j(u)?
6
Let b(x) = -5*x - 8 - 5 - 3 + 19. Determine b(2).
-7
Let d(x) = x**2 + 7*x - 1. Suppose 5*q - 149 = o, 0 = 4*q - 5*o - 70 - 45. Suppose -11*c - q = -5*c. Give d(c).
-11
Let l = 3 + -1. Let t(c) be the first derivative of -11 - c + 1/2*c**2. Calculate t(l).
1
Let z(q) = 3*q - 4. Let j be (-88)/(-33)*90/(-24). Calculate z(j).
-34
Let u = -24 - -45. Let k be 6/4*70/u. Suppose k*i - 15 = 8*i. Let l(w) = -w - 6. Determine l(i).
-1
Let n(m) = -m**2 + 3*m. Suppose -d - 19 = -5*q, 1 - 8 = -2*q + d. Suppose -25 = -3*c - 3*a - q, c = -4*a + 19. Determine n(c).
0
Suppose 0 = -2*i + 10. Suppose 